+ 2*u - 2 - 48. Let l = -81 - i. Let w = -24 - l. Calculate the remainder when w is divided by 6.
5
Let k(z) = -z**3 + 5*z**2 + 4*z - 7. Calculate the remainder when -20*-1*5/4 is divided by k(5).
12
Let u(s) = -s**3 + 2*s**2 + 3*s. Let z be u(3). Suppose -4*v - 4*n + 52 = 0, z*n + 65 = 5*v - 4*n. What is the remainder when v is divided by 5?
3
Calculate the remainder when 2 - (-3 + 1) - -24 is divided by 10.
8
Let q(u) = -3*u - 13. Calculate the remainder when 100 is divided by q(-16).
30
Let w(z) = -23*z - 3. Let h(b) = 34*b + 4. Let r(s) = 5*h(s) + 7*w(s). Let g(v) = -4*v + 2. What is the remainder when g(-3) is divided by r(1)?
6
Suppose v + 43 = 2*v. What is the remainder when v is divided by 24?
19
Let j(u) = u**3 - 8*u**2 - 9*u. Let v be j(9). Let r = 2 + v. Suppose 1 = -r*b + 7. Calculate the remainder when 4 is divided by b.
1
Suppose -9*w + 91 = -2*w. What is the remainder when 23 is divided by w?
10
Suppose -56 = -6*t + 2*t. Suppose -2*o - 5*z = o - 7, -3*o = -5*z - 47. Suppose o*w = 5*w + 104. What is the remainder when w is divided by t?
12
Let t(l) = -3*l**3 - 2*l**2 - 4*l - 12. Calculate the remainder when t(-3) is divided by 20.
3
Suppose 3*x = 0, -j - x = -6*j + 260. What is the remainder when j is divided by 18?
16
Let c(q) = q**3 + 25*q**2 + 20*q - 4. Calculate the remainder when c(-24) is divided by 32.
28
Suppose 4*r + 24 = i + i, 2*i + 4*r = -8. Calculate the remainder when 9 is divided by i.
1
Let g(d) = d**2 + d - 2. What is the remainder when (-16)/(-24) - (-91)/3 is divided by g(-5)?
13
Let m be -30 - (1 + 5)/2. Let t = m - -48. What is the remainder when t is divided by 8?
7
Suppose -5*f = 5*u + 35, 3*u - 4*f = f + 11. Let m = 2 - u. Let r(c) = -c**3 + 4*c**2 + 6*c + 1. Calculate the remainder when 10 is divided by r(m).
4
Suppose -2*l + 68 = -0*l. Let i be 15/6*-4 + -2. Let z = i + 30. What is the remainder when l is divided by z?
16
Let l(b) = 32*b**2 + 5*b + 2. Calculate the remainder when l(-1) is divided by 10.
9
Let y(i) = -i**2 - 9*i + 6. Calculate the remainder when y(-8) is divided by 4.
2
Let l = -10 + 40. Calculate the remainder when 55 is divided by l.
25
Let x(q) = 2*q**2 + 2*q - 1. What is the remainder when 20 is divided by x(2)?
9
Let v(p) = 6*p**2 + p. Let m be 2/(-2)*-1 - 2. What is the remainder when v(m) is divided by 1 + 1 - 2 - -2?
1
Suppose -139 + 115 = -8*g. What is the remainder when 1/3 - (-26)/3 is divided by g?
0
Let k = 14 + -1. What is the remainder when 37 is divided by k?
11
Let c(t) = -t**3 - 3*t**2 + 4*t + 2. Let z be c(-4). Suppose 6*u = z*u + 4. Let y = u + 1. Calculate the remainder when y is divided by 1.
0
What is the remainder when (-1656)/(-117) - 2/13 is divided by 8?
6
Let b = -69 - -123. Calculate the remainder when b is divided by 19.
16
Let f(s) = 8*s**2 + s - 1. Suppose -8*t + 5 = -3*t. Suppose 25 = 5*c + 10. Calculate the remainder when f(t) is divided by c.
2
Suppose -4*w + 14 = 4*i - 2, -2*i = -2*w - 24. Calculate the remainder when 21 is divided by i.
5
Calculate the remainder when 23 is divided by 12/(-16)*(1 - 17).
11
Let x(g) = g**2 - 2*g + 3. Let j be x(3). Let l = 3 + j. Suppose 0 = 2*h + v - 52, 0 = h + 3*v - 31 + 5. What is the remainder when h is divided by l?
8
Let a(y) be the first derivative of -y**2/2 + 18*y - 3. What is the remainder when a(0) is divided by 10?
8
Let i = -33 + 68. Calculate the remainder when 97 is divided by i.
27
Suppose 3*y + 3 = 6*y. Calculate the remainder when 87/((-6)/(-2))*1 is divided by (0/(-3) - y)*-15.
14
Let t(s) = -s**3 - 2*s**2 + s + 1. Let f = 0 - 3. Let n be t(f). Suppose n = 2*g + 3. What is the remainder when g is divided by 2?
0
Let g = 34 + -12. Calculate the remainder when g is divided by 13.
9
Let g = -16 - -66. Suppose -5*w + g = -20. What is the remainder when 41 is divided by w?
13
Calculate the remainder when 26 is divided by (-1 - (-27)/4) + (-3)/4.
1
Let b(t) = -6*t - 1. Let p(u) = u**3 - u**3 + 1 + u - 3*u**3 - 3*u**2 + 1. Calculate the remainder when b(-4) is divided by p(-2).
11
Let u(q) be the second derivative of -q**3/2 - q**2 - 2*q. Let m be (12/(-15))/(2/20). What is the remainder when u(m) is divided by 8?
6
Suppose -f - 24 = -5*i, 3*f + 6 = 2*i - 1. Suppose 2*u = -i*k + 115, -2*k + 45 = -u + 2*u. Calculate the remainder when 48 is divided by k.
23
Let l(x) = -55*x**3 + 2*x**2 + x. What is the remainder when l(-1) is divided by 20?
16
Let x(u) = 5*u - 8. What is the remainder when 47 is divided by x(4)?
11
Suppose 0 = -3*x + 116 + 10. Calculate the remainder when x is divided by 9.
6
Let m(f) = -f**2 - 16*f + 41. What is the remainder when 23 is divided by m(-18)?
3
Let k = 225 - 218. Calculate the remainder when 20 is divided by k.
6
Suppose 4*j + 14 = -b, -2*b + 4*b - j = 8. Suppose 0 = -b*k + 7 + 1. Calculate the remainder when 6 is divided by k.
2
Let i(m) = -m**3 + 7*m**2 + 18*m + 15. Let u be i(9). Suppose -46 = 5*d + 9. Let y = d + u. What is the remainder when 11 is divided by y?
3
Let x(o) = o + 6 - 2 - 2 - 3. Let c be x(2). Suppose -v + 7 = 4*f - c, 0 = 3*v + 2*f - 74. Calculate the remainder when 82 is divided by v.
26
Let d be (-2)/(-12) - (-1263)/(-18). Calculate the remainder when 25 is divided by -3*(d/6)/5.
4
Let x(u) = u - 1. Calculate the remainder when 53 is divided by x(15).
11
Let g be -5*(2 - 36/15). Let t be (7 + (g - 1))/2. Suppose -28 = -t*j + 112. What is the remainder when j is divided by 18?
17
Let w(p) = p**2 + 5*p - 18. Calculate the remainder when w(6) is divided by 17.
14
Let r(f) = 3*f**2 - 7*f + 6. Let y be r(6). Suppose 3*v = -3*k + y, 2*v + v = 3*k - 60. Calculate the remainder when 10 is divided by (-1)/(-4) + k/8.
1
Let p(k) = -k - 5. Let z be p(-3). Let w = 5 + z. What is the remainder when (2/8)/(6/120) is divided by w?
2
Let l(p) = 3*p**2 + 2*p + 1. Suppose -3 + 1 = -m. Let w(t) = t**3 - 5*t**2 - 10*t + 5. Calculate the remainder when w(7) is divided by l(m).
16
Let j = 121 - 61. Let p = 102 - j. Calculate the remainder when p is divided by 11.
9
Let c = -13 + 5. Let s(q) = -q**2 - 8*q + 9. Calculate the remainder when 24 is divided by s(c).
6
Suppose -6*z + 52 = -2*z. What is the remainder when 61 is divided by z?
9
Suppose 3*x + 3*i = 6*i + 21, -2*x + 19 = 3*i. Suppose d = -4*d + 50. Calculate the remainder when d is divided by (3/(-2))/((-3)/x).
2
Suppose -2*v + 75 = -19. What is the remainder when v is divided by 17?
13
Suppose -4*w + 6 + 2 = 0. Let v = -2 + w. What is the remainder when 10 - (v/2)/1 is divided by 4?
2
Let z = -45 - -49. Calculate the remainder when 4 is divided by z.
0
Let y(s) = 4*s**2 + s + 92. Calculate the remainder when y(0) is divided by 49.
43
Let z be (-14)/(6/(-3)*-1). Let n = -4 - z. Calculate the remainder when 7 is divided by n.
1
Let z(k) = -7*k + 53. Calculate the remainder when z(-9) is divided by 39.
38
Let i = 1 - -18. Let w = -10 + i. What is the remainder when w is divided by 5?
4
Let w = -1 + -1. Let h(z) = -z. Let k(q) = 2*q. Let c(u) = 14*h(u) + 6*k(u). What is the remainder when 9 is divided by c(w)?
1
Let m = 53 - 36. Calculate the remainder when m is divided by 4.
1
Let q = 11 - 8. Let w(f) = 6*f**2 - 4*f**q - 4 - f**2 + 4*f + 3*f**3. Calculate the remainder when 30 is divided by w(5).
14
Suppose 36 = -3*n - 3*t, -n - 2*n - t = 28. Let c(x) = -x**3 - 7*x**2 + 7*x + 6. What is the remainder when 2/(6/(-9)) - -43 is divided by c(n)?
12
Calculate the remainder when (-4 + 6 + 0)/2 is divided by 1.
0
Let c = -13 + 24. Calculate the remainder when 30 is divided by c.
8
Suppose -127 = 5*k + 4*j, 4*k + 41 = 2*j - 45. Let i = 45 + k. Calculate the remainder when i is divided by 8.
6
Suppose 0*v = -v + 375. Suppose -5*i - 2*d = -v, -2*i - 2*i + 3*d + 323 = 0. What is the remainder when i is divided by 20?
17
Suppose 0 = -0*v + v - 14. Let d = 326 + -272. What is the remainder when d is divided by v?
12
Let k = -5 + 7. Suppose 17 = k*j - 11. Calculate the remainder when 16 is divided by 183/21 + 4/j.
7
Let u(i) be the third derivative of i**5/60 + i**4/12 + i**3/2 + i**2. Let b = -32 + 39. Calculate the remainder when b is divided by u(-2).
1
Let u(s) = s**2 - 11*s + 10. What is the remainder when 67 is divided by u(11)?
7
Suppose 5*i - 3*k + 4 = 0, -k = -i - 3*i + 1. Let l(x) = x**2 + 3*x + 4. Calculate the remainder w